390 is divided by 1778.
1738
Calculate the remainder when 22019 is divided by 2449.
2427
What is the remainder when 65651756 is divided by 703?
695
Calculate the remainder when 297273 is divided by 627.
75
Calculate the remainder when 6905226 is divided by 23.
5
Calculate the remainder when 6989261 is divided by 2329752.
5
What is the remainder when 169997 is divided by 4690?
1157
Calculate the remainder when 1450251 is divided by 14507.
14058
What is the remainder when 1177066 is divided by 65391?
28
Calculate the remainder when 283472 is divided by 47190.
332
What is the remainder when 340226 is divided by 2831?
506
Calculate the remainder when 64592 is divided by 1700.
1692
What is the remainder when 2450336 is divided by 9215?
8361
What is the remainder when 345087 is divided by 57444?
423
Calculate the remainder when 242019104 is divided by 3285.
14
Calculate the remainder when 465256 is divided by 1698.
4
What is the remainder when 46708 is divided by 7176?
3652
What is the remainder when 490287 is divided by 270?
237
Calculate the remainder when 41227293 is divided by 528.
525
What is the remainder when 539773 is divided by 317?
239
Calculate the remainder when 27900989 is divided by 93.
59
What is the remainder when 83582 is divided by 1151?
710
Calculate the remainder when 218633 is divided by 31131.
716
Calculate the remainder when 32678 is divided by 32673.
5
Calculate the remainder when 1401874 is divided by 329.
5
Calculate the remainder when 13932957 is divided by 460.
17
Calculate the remainder when 9358953 is divided by 779912.
9
What is the remainder when 149059 is divided by 29?
28
What is the remainder when 103873820 is divided by 6535?
6530
Calculate the remainder when 240717 is divided by 944.
941
Calculate the remainder when 563584 is divided by 12774.
1528
Calculate the remainder when 55342 is divided by 87.
10
What is the remainder when 5060865 is divided by 21?
12
What is the remainder when 284791 is divided by 910?
871
What is the remainder when 16267959 is divided by 22?
15
What is the remainder when 72510 is divided by 1469?
529
What is the remainder when 10348083 is divided by 52263?
9
Calculate the remainder when 619871 is divided by 131.
110
Calculate the remainder when 317362 is divided by 79340.
2
What is the remainder when 3119013 is divided by 178?
97
What is the remainder when 24421233 is divided by 23?
17
Calculate the remainder when 10908876 is divided by 1955.
1931
What is the remainder when 2811610 is divided by 1231?
6
Calculate the remainder when 97476748 is divided by 63.
61
Calculate the remainder when 5124120 is divided by 5124109.
11
Calculate the remainder when 280902 is divided by 550.
402
Calculate the remainder when 462078668 is divided by 6595.
6588
What is the remainder when 923368 is divided by 65705?
3498
What is the remainder when 9781283 is divided by 541?
3
What is the remainder when 1656274 is divided by 1151?
1136
What is the remainder when 156691905 is divided by 81?
78
What is the remainder when 3687203 is divided by 24745?
198
What is the remainder when 1191128 is divided by 243?
185
Calculate the remainder when 561958 is divided by 4844.
54
What is the remainder when 1910755 is divided by 3837?
3766
What is the remainder when 14990612 is divided by 10317?
11
Calculate the remainder when 840782 is divided by 1789.
1741
Calculate the remainder when 3612292 is divided by 903066.
28
What is the remainder when 7624329 is divided by 1089161?
202
What is the remainder when 3127898 is divided by 267?
260
Calculate the remainder when 5858252 is divided by 37795.
27
What is the remainder when 120928 is divided by 578?
126
What is the remainder when 22553783 is divided by 44?
43
Calculate the remainder when 19118115 is divided by 43.
14
What is the remainder when 2802992 is divided by 8?
0
What is the remainder when 1814450 is divided by 194?
162
Calculate the remainder when 96161 is divided by 3885.
2921
What is the remainder when 3338746 is divided by 1419?
1258
What is the remainder when 10984759 is divided by 1042?
1037
Calculate the remainder when 155679017 is divided by 21.
11
Calculate the remainder when 215737935 is divided by 573.
570
What is the remainder when 7696750 is divided by 4696?
6
What is the remainder when 999406 is divided by 999341?
65
What is the remainder when 28013264 is divided by 862?
850
Calculate the remainder when 411588 is divided by 4677.
12
What is the remainder when 502917 is divided by 654?
645
What is the remainder when 413945 is divided by 3000?
2945
Calculate the remainder when 34346141 is divided by 145.
136
Calculate the remainder when 544723199 is divided by 9264.
9263
Calculate the remainder when 234746 is divided by 95.
1
Calculate the remainder when 113515 is divided by 28.
3
Calculate the remainder when 21433227 is divided by 73.
62
Calculate the remainder when 19788 is divided by 2356.
940
Calculate the remainder when 339624 is divided by 1144.
1000
What is the remainder when 141038 is divided by 1974?
884
What is the remainder when 769120373 is divided by 66?
65
What is the remainder when 12682960 is divided by 93?
85
Calculate the remainder when 7076081 is divided by 12.
5
What is the remainder when 330696 is divided by 110173?
177
What is the remainder when 31259410 is divided by 629?
626
What is the remainder when 20871604 is divided by 33?
28
What is the remainder when 6392264 is divided by 6392148?
116
Calculate the remainder when 78252 is divided by 10542.
4458
Calculate the remainder when 59400 is divided by 19628.
516
Calculate the remainder when 3850232 is divided by 900.
32
Calculate the remainder when 8954043 is divided by 559627.
11
Calculate the remainder when 6875634 is divided by 23.
14
Calculate the remainder when 32803 is divided by 6532.
143
Calculate the remainder when 55954353 is divided by 11765.
13
What is the remainder when 546798 is divided by 546176?
622
What is the remainder when 100561 is divided by 6697?
106
Calculate the remainder when 2898282 is divided by 413899.
989
Calculate the remainder when 656299 is divided by 5050.
4849
What is the remainder when 80725824 is divided by 731?
32
Calculate the remainder when 269711 is divided by 595.
176
What is the remainder when 11522472 is divided by 11?
5
Calculate the remainder when 4992441 is divided by 1771.
1763
Calculate the remainder when 3367070 is divided by 561178.
2
What is the remainder when 94988 is divided by 18995?
13
What is the remainder when 1584090 is divided by 1584028?
62
Calculate the remainder when 214716 is divided by 42899.
221
Calculate the remainder when 4264343 is divided by 84.
83
Calculate the remainder when 9488245 is divided by 2250.
2245
Calculate the remainder when 202473 is divided by 395.
233
What is the remainder when 540546 is divided by 101?
95
Calculate the remainder when 16569696 is divided by 25.
21
What is the remainder when 11240767 is divided by 1232?
1231
Calculate the remainder when 2175126 is divided by 2175099.
27
What is the remainder when 450754 is divided by 342?
340
What is the remainder when 2435314 is divided by 284?
14
What is the remainder when 89926 is divided by 22266?
862
Calculate the remainder when 174600243 is divided by 2883.
2880
What is the remainder when 973354 is divided by 97?
56
What is the remainder when 39740142 is divided by 281?
279
Calculate the remainder when 20770687 is divided by 576963.
19
What is the remainder when 5214145 is divided by 4864?
4801
What is the remainder when 112356 is divided by 983?
294
What is the remainder when 1897141 is divided by 632330?
151
Calculate the remainder when 343216757 is divided by 207.
200
What is the remainder when 4460390 is divided by 189?
179
Calculate the remainder when 1010995 is divided by 76.
43
What is the remainder when 73256 is divided by 1362?
1070
Calculate the remainder when 2014802 is divided by 183156.
86
Calculate the remainder when 2766811 is divided by 2766745.
66
What is the remainder when 1595269 is divided by 578?
567
What is the remainder when 1815445 is divided by 17798?
49
Calculate the remainder when 1544312 is divided by 14849.
16
What is the remainder when 97198 is divided by 1300?
998
What is the remainder when 854916 is divided 